{"id":36,"date":"2017-01-23T21:46:55","date_gmt":"2017-01-23T20:46:55","guid":{"rendered":"http:\/\/wish-aparte.com\/?page_id=36"},"modified":"2024-09-03T08:09:22","modified_gmt":"2024-09-03T06:09:22","slug":"interventions","status":"publish","type":"page","link":"http:\/\/wish-aparte.com\/index.php\/interventions\/","title":{"rendered":"Interventions"},"content":{"rendered":"\n<p>Wish association imagine des interventions sur mesure selon vos objectifs et votre budget. Cr\u00e9ations de spectacles avec tous les publics ou projets vid\u00e9os en tout genre, &#8230;<\/p>\n\n\n\n<figure class=\"wp-block-embed is-type-video is-provider-youtube wp-block-embed-youtube wp-embed-aspect-16-9 wp-has-aspect-ratio\"><div class=\"wp-block-embed__wrapper\">\n<div class=\"video-container\"><iframe loading=\"lazy\" title=\"Les m\u00e9tiers, \u00e7a se danse \/ Aux arts lyc\u00e9ens 2021\" width=\"500\" height=\"281\" src=\"https:\/\/www.youtube.com\/embed\/qZwIqSTNOWY?feature=oembed&#038;wmode=opaque\" frameborder=\"0\" allow=\"accelerometer; autoplay; clipboard-write; encrypted-media; gyroscope; picture-in-picture; web-share\" referrerpolicy=\"strict-origin-when-cross-origin\" allowfullscreen><\/iframe><\/div>\n<\/div><figcaption class=\"wp-element-caption\">r\u00e9aliser un film autour des gestes professionnels des 8 m\u00e9tiers enseign\u00e9s au lyc\u00e9e Amp\u00e8re de Vend\u00f4me<\/figcaption><\/figure>\n\n\n\n<figure class=\"wp-block-embed is-type-video is-provider-youtube wp-block-embed-youtube wp-embed-aspect-16-9 wp-has-aspect-ratio\"><div class=\"wp-block-embed__wrapper\">\n<div class=\"video-container\"><iframe loading=\"lazy\" title=\"Teaser - Capsule Lyc\u00e9e professionnel Chaptal - Amboise\" width=\"500\" height=\"281\" src=\"https:\/\/www.youtube.com\/embed\/gyrr_0oN0l8?feature=oembed&#038;wmode=opaque\" frameborder=\"0\" allow=\"accelerometer; autoplay; clipboard-write; encrypted-media; gyroscope; picture-in-picture; web-share\" referrerpolicy=\"strict-origin-when-cross-origin\" allowfullscreen><\/iframe><\/div>\n<\/div><figcaption class=\"wp-element-caption\">Teaser &#8211; Capsule Lyc\u00e9e professionnel Chaptal &#8211; Amboise<\/figcaption><\/figure>\n\n\n\n<figure class=\"wp-block-embed is-type-video is-provider-youtube wp-block-embed-youtube wp-embed-aspect-16-9 wp-has-aspect-ratio\"><div class=\"wp-block-embed__wrapper\">\n<div class=\"video-container\"><iframe loading=\"lazy\" title=\"ENSEMBLE - Stage th\u00e9\u00e2tre &amp; vid\u00e9o - France Terre d&#039;Asile\" width=\"500\" height=\"281\" src=\"https:\/\/www.youtube.com\/embed\/ZRzmpqGYxIo?feature=oembed&#038;wmode=opaque\" frameborder=\"0\" allow=\"accelerometer; autoplay; clipboard-write; encrypted-media; gyroscope; picture-in-picture; web-share\" referrerpolicy=\"strict-origin-when-cross-origin\" allowfullscreen><\/iframe><\/div>\n<\/div><figcaption class=\"wp-element-caption\">ENSEMBLE &#8211; Stage th\u00e9\u00e2tre &amp; vid\u00e9o &#8211; France Terre d&rsquo;Asile<\/figcaption><\/figure>\n\n\n\n<figure class=\"wp-block-embed is-type-video is-provider-youtube wp-block-embed-youtube wp-embed-aspect-16-9 wp-has-aspect-ratio\"><div class=\"wp-block-embed__wrapper\">\n<div class=\"video-container\"><iframe loading=\"lazy\" title=\"\u00ab Si on dansait, tous en rythme ? \u00bb\" width=\"500\" height=\"281\" src=\"https:\/\/www.youtube.com\/embed\/aTenQ9t8lWM?feature=oembed&#038;wmode=opaque\" frameborder=\"0\" allow=\"accelerometer; autoplay; clipboard-write; encrypted-media; gyroscope; picture-in-picture; web-share\" referrerpolicy=\"strict-origin-when-cross-origin\" allowfullscreen><\/iframe><\/div>\n<\/div><figcaption class=\"wp-element-caption\">\u00ab&nbsp;Si on dansait, tous en rythme ?&nbsp;\u00bb Clip vid\u00e9o r\u00e9alis\u00e9 avec les \u00e9l\u00e8ves du Lyc\u00e9e Professionnel Agricole de Montoire-sur-le-Loir en mars et avril 2022<\/figcaption><\/figure>\n\n\n\n<figure class=\"wp-block-embed is-type-video is-provider-youtube wp-block-embed-youtube wp-embed-aspect-16-9 wp-has-aspect-ratio\"><div class=\"wp-block-embed__wrapper\">\n<div class=\"video-container\"><iframe loading=\"lazy\" title=\"CyBer-RelaTioN \/ les dangers d&#039;internet - Conseil D\u00e9partemental\" width=\"500\" height=\"281\" src=\"https:\/\/www.youtube.com\/embed\/Eu3IXyKawgQ?feature=oembed&#038;wmode=opaque\" frameborder=\"0\" allow=\"accelerometer; autoplay; clipboard-write; encrypted-media; gyroscope; picture-in-picture; web-share\" referrerpolicy=\"strict-origin-when-cross-origin\" allowfullscreen><\/iframe><\/div>\n<\/div><figcaption class=\"wp-element-caption\">Campagne de pr\u00e9vention contre les dangers d&rsquo;internet<\/figcaption><\/figure>\n\n\n\n<figure class=\"wp-block-embed is-type-video is-provider-youtube wp-block-embed-youtube wp-embed-aspect-16-9 wp-has-aspect-ratio\"><div class=\"wp-block-embed__wrapper\">\n<div class=\"video-container\"><iframe loading=\"lazy\" title=\"Le Savoir e\u0302tre : e\u0301pisode 1 \/ l&#039;entreprise parfaite\" width=\"500\" height=\"281\" src=\"https:\/\/www.youtube.com\/embed\/SFFCgbLfTmo?feature=oembed&#038;wmode=opaque\" frameborder=\"0\" allow=\"accelerometer; autoplay; clipboard-write; encrypted-media; gyroscope; picture-in-picture; web-share\" referrerpolicy=\"strict-origin-when-cross-origin\" allowfullscreen><\/iframe><\/div>\n<\/div><figcaption class=\"wp-element-caption\">Le savoir \u00eatre en entreprise ?<\/figcaption><\/figure>\n\n\n\n<figure class=\"wp-block-embed is-type-video is-provider-youtube wp-block-embed-youtube wp-embed-aspect-16-9 wp-has-aspect-ratio\"><div class=\"wp-block-embed__wrapper\">\n<div class=\"video-container\"><iframe loading=\"lazy\" title=\"Le syndrome de CARMEN - Lyce\u0301e d&#039;areine - aux arts lyce\u0301ens\" width=\"500\" height=\"281\" src=\"https:\/\/www.youtube.com\/embed\/ozQP_sgC8zM?feature=oembed&#038;wmode=opaque\" frameborder=\"0\" allow=\"accelerometer; autoplay; clipboard-write; encrypted-media; gyroscope; picture-in-picture; web-share\" referrerpolicy=\"strict-origin-when-cross-origin\" allowfullscreen><\/iframe><\/div>\n<\/div><figcaption class=\"wp-element-caption\">Une performance sur le festival du film su\u00e9d\u00e9 avec une classe du lyc\u00e9e agricole d&rsquo;Areine<\/figcaption><\/figure>\n\n\n\n<figure class=\"wp-block-embed is-type-video is-provider-youtube wp-block-embed-youtube wp-embed-aspect-16-9 wp-has-aspect-ratio\"><div class=\"wp-block-embed__wrapper\">\n<div class=\"video-container\"><iframe loading=\"lazy\" title=\"Katimara - PRE Vend\u00f4me\" width=\"500\" height=\"281\" src=\"https:\/\/www.youtube.com\/embed\/t-D9W6x3ecY?feature=oembed&#038;wmode=opaque\" frameborder=\"0\" allow=\"accelerometer; autoplay; clipboard-write; encrypted-media; gyroscope; picture-in-picture; web-share\" referrerpolicy=\"strict-origin-when-cross-origin\" allowfullscreen><\/iframe><\/div>\n<\/div><figcaption class=\"wp-element-caption\">Un court m\u00e9trage improvis\u00e9 avec un groupe de jeunes du PRE au centre culturel<\/figcaption><\/figure>\n\n\n\n<figure class=\"wp-block-embed is-type-video is-provider-youtube wp-block-embed-youtube wp-embed-aspect-16-9 wp-has-aspect-ratio\"><div class=\"wp-block-embed__wrapper\">\n<div class=\"video-container\"><iframe loading=\"lazy\" title=\"\u00c9cole de l\u2019\u00c9galit\u00e9 - Aux arts lyc\u00e9ens - MFR St firmin\" width=\"500\" height=\"281\" src=\"https:\/\/www.youtube.com\/embed\/aHvfw9t7Bas?feature=oembed&#038;wmode=opaque\" frameborder=\"0\" allow=\"accelerometer; autoplay; clipboard-write; encrypted-media; gyroscope; picture-in-picture; web-share\" referrerpolicy=\"strict-origin-when-cross-origin\" allowfullscreen><\/iframe><\/div>\n<\/div><figcaption class=\"wp-element-caption\">Un docu-fiction improvis\u00e9 avec Thierry et Marion au sein de la MFR<\/figcaption><\/figure>\n","protected":false},"excerpt":{"rendered":"<p>Wish association imagine des interventions sur mesure selon vos objectifs et votre budget. Cr\u00e9ations de spectacles avec tous les publics ou projets vid\u00e9os en tout genre, &#8230;<\/p>\n","protected":false},"author":1,"featured_media":0,"parent":0,"menu_order":4,"comment_status":"closed","ping_status":"closed","template":"","meta":{"footnotes":""},"class_list":["post-36","page","type-page","status-publish","hentry"],"aioseo_notices":[],"_links":{"self":[{"href":"http:\/\/wish-aparte.com\/index.php\/wp-json\/wp\/v2\/pages\/36","targetHints":{"allow":["GET"]}}],"collection":[{"href":"http:\/\/wish-aparte.com\/index.php\/wp-json\/wp\/v2\/pages"}],"about":[{"href":"http:\/\/wish-aparte.com\/index.php\/wp-json\/wp\/v2\/types\/page"}],"author":[{"embeddable":true,"href":"http:\/\/wish-aparte.com\/index.php\/wp-json\/wp\/v2\/users\/1"}],"replies":[{"embeddable":true,"href":"http:\/\/wish-aparte.com\/index.php\/wp-json\/wp\/v2\/comments?post=36"}],"version-history":[{"count":32,"href":"http:\/\/wish-aparte.com\/index.php\/wp-json\/wp\/v2\/pages\/36\/revisions"}],"predecessor-version":[{"id":2433,"href":"http:\/\/wish-aparte.com\/index.php\/wp-json\/wp\/v2\/pages\/36\/revisions\/2433"}],"wp:attachment":[{"href":"http:\/\/wish-aparte.com\/index.php\/wp-json\/wp\/v2\/media?parent=36"}],"curies":[{"name":"wp","href":"https:\/\/api.w.org\/{rel}","templated":true}]}}

<p>Wish association imagine des interventions sur mesure selon vos objectifs et votre budget. Créations de spectacles avec tous les publics ou projets vidéos en tout genre, &#8230;</p>



<figure class="wp-block-embed is-type-video is-provider-youtube wp-block-embed-youtube wp-embed-aspect-16-9 wp-has-aspect-ratio"><div class="wp-block-embed__wrapper">
<div class="video-container"><iframe loading="lazy" title="Les métiers, ça se danse / Aux arts lycéens 2021" width="500" height="281" src="https://www.youtube.com/embed/qZwIqSTNOWY?feature=oembed&#038;wmode=opaque" frameborder="0" allow="accelerometer; autoplay; clipboard-write; encrypted-media; gyroscope; picture-in-picture; web-share" referrerpolicy="strict-origin-when-cross-origin" allowfullscreen></iframe></div>
</div><figcaption class="wp-element-caption">réaliser un film autour des gestes professionnels des 8 métiers enseignés au lycée Ampère de Vendôme</figcaption></figure>



<figure class="wp-block-embed is-type-video is-provider-youtube wp-block-embed-youtube wp-embed-aspect-16-9 wp-has-aspect-ratio"><div class="wp-block-embed__wrapper">
<div class="video-container"><iframe loading="lazy" title="Teaser - Capsule Lycée professionnel Chaptal - Amboise" width="500" height="281" src="https://www.youtube.com/embed/gyrr_0oN0l8?feature=oembed&#038;wmode=opaque" frameborder="0" allow="accelerometer; autoplay; clipboard-write; encrypted-media; gyroscope; picture-in-picture; web-share" referrerpolicy="strict-origin-when-cross-origin" allowfullscreen></iframe></div>
</div><figcaption class="wp-element-caption">Teaser &#8211; Capsule Lycée professionnel Chaptal &#8211; Amboise</figcaption></figure>



<figure class="wp-block-embed is-type-video is-provider-youtube wp-block-embed-youtube wp-embed-aspect-16-9 wp-has-aspect-ratio"><div class="wp-block-embed__wrapper">
<div class="video-container"><iframe loading="lazy" title="ENSEMBLE - Stage théâtre &amp; vidéo - France Terre d&#039;Asile" width="500" height="281" src="https://www.youtube.com/embed/ZRzmpqGYxIo?feature=oembed&#038;wmode=opaque" frameborder="0" allow="accelerometer; autoplay; clipboard-write; encrypted-media; gyroscope; picture-in-picture; web-share" referrerpolicy="strict-origin-when-cross-origin" allowfullscreen></iframe></div>
</div><figcaption class="wp-element-caption">ENSEMBLE &#8211; Stage théâtre &amp; vidéo &#8211; France Terre d&rsquo;Asile</figcaption></figure>



<figure class="wp-block-embed is-type-video is-provider-youtube wp-block-embed-youtube wp-embed-aspect-16-9 wp-has-aspect-ratio"><div class="wp-block-embed__wrapper">
<div class="video-container"><iframe loading="lazy" title="« Si on dansait, tous en rythme ? »" width="500" height="281" src="https://www.youtube.com/embed/aTenQ9t8lWM?feature=oembed&#038;wmode=opaque" frameborder="0" allow="accelerometer; autoplay; clipboard-write; encrypted-media; gyroscope; picture-in-picture; web-share" referrerpolicy="strict-origin-when-cross-origin" allowfullscreen></iframe></div>
</div><figcaption class="wp-element-caption">«&nbsp;Si on dansait, tous en rythme ?&nbsp;» Clip vidéo réalisé avec les élèves du Lycée Professionnel Agricole de Montoire-sur-le-Loir en mars et avril 2022</figcaption></figure>



<figure class="wp-block-embed is-type-video is-provider-youtube wp-block-embed-youtube wp-embed-aspect-16-9 wp-has-aspect-ratio"><div class="wp-block-embed__wrapper">
<div class="video-container"><iframe loading="lazy" title="CyBer-RelaTioN / les dangers d&#039;internet - Conseil Départemental" width="500" height="281" src="https://www.youtube.com/embed/Eu3IXyKawgQ?feature=oembed&#038;wmode=opaque" frameborder="0" allow="accelerometer; autoplay; clipboard-write; encrypted-media; gyroscope; picture-in-picture; web-share" referrerpolicy="strict-origin-when-cross-origin" allowfullscreen></iframe></div>
</div><figcaption class="wp-element-caption">Campagne de prévention contre les dangers d&rsquo;internet</figcaption></figure>



<figure class="wp-block-embed is-type-video is-provider-youtube wp-block-embed-youtube wp-embed-aspect-16-9 wp-has-aspect-ratio"><div class="wp-block-embed__wrapper">
<div class="video-container"><iframe loading="lazy" title="Le Savoir être : épisode 1 / l&#039;entreprise parfaite" width="500" height="281" src="https://www.youtube.com/embed/SFFCgbLfTmo?feature=oembed&#038;wmode=opaque" frameborder="0" allow="accelerometer; autoplay; clipboard-write; encrypted-media; gyroscope; picture-in-picture; web-share" referrerpolicy="strict-origin-when-cross-origin" allowfullscreen></iframe></div>
</div><figcaption class="wp-element-caption">Le savoir être en entreprise ?</figcaption></figure>



<figure class="wp-block-embed is-type-video is-provider-youtube wp-block-embed-youtube wp-embed-aspect-16-9 wp-has-aspect-ratio"><div class="wp-block-embed__wrapper">
<div class="video-container"><iframe loading="lazy" title="Le syndrome de CARMEN - Lycée d&#039;areine - aux arts lycéens" width="500" height="281" src="https://www.youtube.com/embed/ozQP_sgC8zM?feature=oembed&#038;wmode=opaque" frameborder="0" allow="accelerometer; autoplay; clipboard-write; encrypted-media; gyroscope; picture-in-picture; web-share" referrerpolicy="strict-origin-when-cross-origin" allowfullscreen></iframe></div>
</div><figcaption class="wp-element-caption">Une performance sur le festival du film suédé avec une classe du lycée agricole d&rsquo;Areine</figcaption></figure>



<figure class="wp-block-embed is-type-video is-provider-youtube wp-block-embed-youtube wp-embed-aspect-16-9 wp-has-aspect-ratio"><div class="wp-block-embed__wrapper">
<div class="video-container"><iframe loading="lazy" title="Katimara - PRE Vendôme" width="500" height="281" src="https://www.youtube.com/embed/t-D9W6x3ecY?feature=oembed&#038;wmode=opaque" frameborder="0" allow="accelerometer; autoplay; clipboard-write; encrypted-media; gyroscope; picture-in-picture; web-share" referrerpolicy="strict-origin-when-cross-origin" allowfullscreen></iframe></div>
</div><figcaption class="wp-element-caption">Un court métrage improvisé avec un groupe de jeunes du PRE au centre culturel</figcaption></figure>



<figure class="wp-block-embed is-type-video is-provider-youtube wp-block-embed-youtube wp-embed-aspect-16-9 wp-has-aspect-ratio"><div class="wp-block-embed__wrapper">
<div class="video-container"><iframe loading="lazy" title="École de l’Égalité - Aux arts lycéens - MFR St firmin" width="500" height="281" src="https://www.youtube.com/embed/aHvfw9t7Bas?feature=oembed&#038;wmode=opaque" frameborder="0" allow="accelerometer; autoplay; clipboard-write; encrypted-media; gyroscope; picture-in-picture; web-share" referrerpolicy="strict-origin-when-cross-origin" allowfullscreen></iframe></div>
</div><figcaption class="wp-element-caption">Un docu-fiction improvisé avec Thierry et Marion au sein de la MFR</figcaption></figure>

<p>Wish association imagine des interventions sur mesure selon vos objectifs et votre budget. Créations de spectacles avec tous les publics ou projets vidéos en tout genre, &#8230;</p>
