{"id":1024,"date":"2022-06-07T17:13:33","date_gmt":"2022-06-07T15:13:33","guid":{"rendered":"http:\/\/wish-aparte.com\/?page_id=1024"},"modified":"2025-07-03T09:50:46","modified_gmt":"2025-07-03T07:50:46","slug":"planning","status":"publish","type":"page","link":"http:\/\/wish-aparte.com\/index.php\/ateliers\/planning\/","title":{"rendered":"Planning"},"content":{"rendered":"\n<p class=\"has-text-align-left\">\u00c0 toi qui trouve le th\u00e9\u00e2tre ennuyeux.<br>\u00c0 toi qui te crois trop timide pour monter sur sc\u00e8ne.<br>\u00c0 toi qui pense qu\u2019\u00eatre com\u00e9dien c\u2019est simplement apprendre des textes par c\u0153ur.<br><br>Viens d\u00e9couvrir avec Lisa, Diego, Thierry et Flavien le th\u00e9\u00e2tre selon la Wish !<br><br>Chaque semaine, plus de 100 adh\u00e9rents, regroup\u00e9s dans 11 troupes de th\u00e9\u00e2tre, d\u00e8s 6 ans, se retrouvent au<strong> th\u00e9\u00e2tre de l\u2019Apart\u00e9<\/strong>, afin de cr\u00e9er des spectacles originaux sur la th\u00e9matique de l\u2019ann\u00e9e.<\/p>\n\n\n\n<figure class=\"wp-block-image size-full\"><img loading=\"lazy\" decoding=\"async\" width=\"1200\" height=\"848\" src=\"http:\/\/wish-aparte.com\/wp-content\/uploads\/2025\/07\/Planning-ateliers-theatre-vendome-wish-association2025-2026.jpg\" alt=\"\" class=\"wp-image-2581\" srcset=\"http:\/\/wish-aparte.com\/wp-content\/uploads\/2025\/07\/Planning-ateliers-theatre-vendome-wish-association2025-2026.jpg 1200w, http:\/\/wish-aparte.com\/wp-content\/uploads\/2025\/07\/Planning-ateliers-theatre-vendome-wish-association2025-2026-300x212.jpg 300w, http:\/\/wish-aparte.com\/wp-content\/uploads\/2025\/07\/Planning-ateliers-theatre-vendome-wish-association2025-2026-1024x724.jpg 1024w, http:\/\/wish-aparte.com\/wp-content\/uploads\/2025\/07\/Planning-ateliers-theatre-vendome-wish-association2025-2026-768x543.jpg 768w\" sizes=\"auto, (max-width: 1200px) 100vw, 1200px\" \/><\/figure>\n\n\n\n<p class=\"has-text-align-left\">Chaque ann\u00e9e les cr\u00e9ations sont pr\u00e9sent\u00e9es lors du <a href=\"http:\/\/wish-aparte.com\/index.php\/les-ateliers\/festival-faites-du-theatre\/\">festival \u00ab\u00a0Fa\u00eetes du th\u00e9\u00e2tre\u00a0\u00bb<\/a><br>Pour des infos sur les inscriptions appelez Nadia au 06 17 03 63 17<\/p>\n\n\n\n<figure class=\"wp-block-embed is-type-video is-provider-youtube wp-block-embed-youtube wp-embed-aspect-16-9 wp-has-aspect-ratio\"><div class=\"wp-block-embed__wrapper\">\n<div class=\"video-container\"><iframe loading=\"lazy\" title=\"[teaser] atelier Th\u00e9\u00e2tre - Wish association - 2020\/2021\" width=\"500\" height=\"281\" src=\"https:\/\/www.youtube.com\/embed\/8mrSyJlfoRs?feature=oembed&#038;wmode=opaque\" frameborder=\"0\" allow=\"accelerometer; autoplay; clipboard-write; encrypted-media; gyroscope; picture-in-picture; web-share\" referrerpolicy=\"strict-origin-when-cross-origin\" allowfullscreen><\/iframe><\/div>\n<\/div><\/figure>\n\n\n\n<figure class=\"wp-block-embed is-type-video is-provider-youtube wp-block-embed-youtube wp-embed-aspect-16-9 wp-has-aspect-ratio\"><div class=\"wp-block-embed__wrapper\">\n<div class=\"video-container\"><iframe loading=\"lazy\" title=\"Le\u00e7on#1: La contrainte - Source de cre\u0301ation \/ Wish association\" width=\"500\" height=\"281\" src=\"https:\/\/www.youtube.com\/embed\/qYkHTodT7ts?feature=oembed&#038;wmode=opaque\" frameborder=\"0\" allow=\"accelerometer; autoplay; clipboard-write; encrypted-media; gyroscope; picture-in-picture; web-share\" referrerpolicy=\"strict-origin-when-cross-origin\" allowfullscreen><\/iframe><\/div>\n<\/div><\/figure>\n\n\n\n<figure class=\"wp-block-embed is-type-video is-provider-youtube wp-block-embed-youtube wp-embed-aspect-16-9 wp-has-aspect-ratio\"><div class=\"wp-block-embed__wrapper\">\n<div class=\"video-container\"><iframe loading=\"lazy\" title=\"Le\u00e7on#2 : La non-le\u00e7on - teaser Wish Association\" width=\"500\" height=\"281\" src=\"https:\/\/www.youtube.com\/embed\/rEm9WAjRY3I?feature=oembed&#038;wmode=opaque\" frameborder=\"0\" allow=\"accelerometer; autoplay; clipboard-write; encrypted-media; gyroscope; picture-in-picture; web-share\" referrerpolicy=\"strict-origin-when-cross-origin\" allowfullscreen><\/iframe><\/div>\n<\/div><\/figure>\n\n\n\n<figure class=\"wp-block-embed is-type-video is-provider-youtube wp-block-embed-youtube wp-embed-aspect-16-9 wp-has-aspect-ratio\"><div class=\"wp-block-embed__wrapper\">\n<div class=\"video-container\"><iframe loading=\"lazy\" title=\"Le\u00e7on#3: La Relation \/ Wish association\" width=\"500\" height=\"281\" src=\"https:\/\/www.youtube.com\/embed\/VtJtEKacF9s?feature=oembed&#038;wmode=opaque\" frameborder=\"0\" allow=\"accelerometer; autoplay; clipboard-write; encrypted-media; gyroscope; picture-in-picture; web-share\" referrerpolicy=\"strict-origin-when-cross-origin\" allowfullscreen><\/iframe><\/div>\n<\/div><\/figure>\n","protected":false},"excerpt":{"rendered":"<p>\u00c0 toi qui trouve le th\u00e9\u00e2tre ennuyeux.\u00c0 toi qui te crois trop timide pour monter sur sc\u00e8ne.\u00c0 toi qui pense qu\u2019\u00eatre com\u00e9dien c\u2019est simplement apprendre des textes par c\u0153ur. Viens d\u00e9couvrir avec Lisa, Diego,&#46;&#46;&#46;<\/p>\n","protected":false},"author":1,"featured_media":1638,"parent":33,"menu_order":0,"comment_status":"closed","ping_status":"closed","template":"","meta":{"footnotes":""},"class_list":["post-1024","page","type-page","status-publish","has-post-thumbnail","hentry"],"aioseo_notices":[],"_links":{"self":[{"href":"http:\/\/wish-aparte.com\/index.php\/wp-json\/wp\/v2\/pages\/1024","targetHints":{"allow":["GET"]}}],"collection":[{"href":"http:\/\/wish-aparte.com\/index.php\/wp-json\/wp\/v2\/pages"}],"about":[{"href":"http:\/\/wish-aparte.com\/index.php\/wp-json\/wp\/v2\/types\/page"}],"author":[{"embeddable":true,"href":"http:\/\/wish-aparte.com\/index.php\/wp-json\/wp\/v2\/users\/1"}],"replies":[{"embeddable":true,"href":"http:\/\/wish-aparte.com\/index.php\/wp-json\/wp\/v2\/comments?post=1024"}],"version-history":[{"count":12,"href":"http:\/\/wish-aparte.com\/index.php\/wp-json\/wp\/v2\/pages\/1024\/revisions"}],"predecessor-version":[{"id":2584,"href":"http:\/\/wish-aparte.com\/index.php\/wp-json\/wp\/v2\/pages\/1024\/revisions\/2584"}],"up":[{"embeddable":true,"href":"http:\/\/wish-aparte.com\/index.php\/wp-json\/wp\/v2\/pages\/33"}],"wp:featuredmedia":[{"embeddable":true,"href":"http:\/\/wish-aparte.com\/index.php\/wp-json\/wp\/v2\/media\/1638"}],"wp:attachment":[{"href":"http:\/\/wish-aparte.com\/index.php\/wp-json\/wp\/v2\/media?parent=1024"}],"curies":[{"name":"wp","href":"https:\/\/api.w.org\/{rel}","templated":true}]}}